/(-4 - -12)). What is the units digit of 312/q + (-1)/(-2)?
0
Suppose 0 = 5*u - 3*j - 19, -3*j = -2*u + 3*u - 11. What is the tens digit of (u + -9)/(-4) - 1*-82?
8
Let y = 6 - -14. Suppose -3*x + 2*r + 656 = 3*r, 0 = 5*r + y. What is the units digit of x?
0
Let c(m) = -83*m**3 + 8*m**2 + 9*m + 5. What is the tens digit of c(-2)?
8
Let w(t) be the first derivative of t**3 + 2*t**2 - 33*t - 26. What is the hundreds digit of w(-12)?
3
Let i(l) = 2*l**3 + 3*l**2 - 2*l - 4. Let q be i(-2). Let f be -9*(q/6 - 0). What is the tens digit of -2 + f - -7 - -4?
1
Suppose -s - 5*r - 27 = 0, s - 2*r - 1 = -0*s. Let x(y) = y**3 + 7*y**2 + 10. What is the units digit of x(s)?
0
Let o(m) = -14*m - 20. Let y be o(-15). Let q = -86 + y. What is the tens digit of q?
0
Suppose -3*c + 13 = -20. Suppose -3*p = -3*f - 78, 4*f + 49 + c = 2*p. What is the tens digit of p?
2
Suppose -5*y = 10, -3*p + 0 = 5*y + 4. Suppose 5*u + 8 = p*a - 31, 3*u + 22 = a. What is the units digit of a?
7
Let i(z) = 1435*z - 255. What is the tens digit of i(3)?
5
Let q = -42 + 37. Let l(i) = i**3 + 6*i**2 + 3*i + 8. What is the units digit of l(q)?
8
Let d = 86 + -84. Let u(o) = 13*o**2. Let n be u(-1). What is the units digit of n - (-3 + 12/d)?
0
Let i be 1*4*(-99)/6. Let o = 106 + i. What is the units digit of o?
0
Let o be -3 + 3 - (-3)/(-1). Let w = o - -5. Suppose 86 = 3*p + 5*l - 9, w*p - 3*l = 38. What is the tens digit of p?
2
Suppose 0 = 3*y + 2*x - 1126, 0 = 3*y - 2*y - 5*x - 381. What is the tens digit of (-15)/(-5 - y/(-76))?
8
Suppose j - 208 = 5*q, 4*j - 211 = 5*q + 2*j. Let w = q - -159. What is the tens digit of w?
1
Let p = -482 - -1027. What is the hundreds digit of p?
5
Let b(c) = c**3 - 29*c**2 - 7*c + 21. What is the tens digit of b(30)?
1
Let n(a) = -2*a**3 - 15*a**2 - 14*a - 41. What is the units digit of n(-10)?
9
Let z = 1538 - -1137. What is the units digit of z?
5
Suppose 5*q = 6 + 14. Suppose i + 20 = -5*t - 4*i, 19 = -t + q*i. Let m(n) = -5*n - 8. What is the tens digit of m(t)?
2
Let r = 47 + 11. Let a(n) = n**3 - 4*n + 1. Let c be a(5). Let y = c - r. What is the units digit of y?
8
Let c(i) = 2*i**2 - 5*i + 6. Let y(f) = -f**2 - 5*f + 5. Let d be y(-5). Let k be c(d). Suppose 0 = -u - 6 + k. What is the units digit of u?
5
Suppose 8*c - 8222 = 13850. What is the hundreds digit of c?
7
Let y = 102 - 66. Suppose k - 6*k + 4*z = -250, -k - 2*z + y = 0. What is the tens digit of k?
4
Suppose 0 = 7*w + 547 - 169. Let n = 102 + w. What is the tens digit of n?
4
Let c = -7 + 14. Let v = 41 + -43. Let d = c + v. What is the units digit of d?
5
Let h be -5*((-9)/3)/3. Suppose -4*u + 22 = 2*k, -4*u + h*k = 2 - 3. Suppose u*p = 4*f - 112, 2*p = 7*p + 10. What is the tens digit of f?
2
Let z(j) = -37*j - 2. Suppose 6 = -2*g - 0*s - 4*s, 5*s + 5 = 0. Let c be z(g). Let k = c - 15. What is the units digit of k?
0
Let u = 245 + 186. What is the hundreds digit of u?
4
Suppose 0 = 5*b + 2*i + 788, 0 - 4 = -4*i. Let m = -70 - b. What is the units digit of m?
8
Suppose 0 = 5*k - 5*c - 11195, 6*k - 2*c - 11189 = k. What is the units digit of k?
7
Suppose 4*c + 2*p - 806 = -112, -3*c + 4*p + 537 = 0. What is the tens digit of c?
7
Suppose 3*f = g + 28, 4*g = 4*f + 5*g - 28. What is the units digit of f?
8
Let h = -12 + 11. What is the hundreds digit of 8 + -4 - -95 - (-4 - h)?
1
Suppose 2*d = -10 + 76. Let n = d - 18. Suppose j + n = 2*j. What is the tens digit of j?
1
Suppose 7296 = 21*w - 2*w. What is the hundreds digit of w?
3
Suppose 0 = 3*r + 2*h, -2*r - 3*h = h. Suppose 2*n - 6*n + 132 = r. What is the tens digit of n?
3
Let m(g) = 4*g - 4. Let q be m(2). Suppose r = 2, 5*r = q*s - 23 - 123. What is the tens digit of s?
3
Let z(a) = 17*a - 32. Let f(v) = -4*v + 8. Let q(h) = 9*f(h) + 2*z(h). Let r be q(5). What is the units digit of (-28)/(-3) + r/6?
9
Let m(i) = i**2 + 4*i - 9. Suppose -h = 15 - 9. Let n be m(h). Suppose n*r + 0*r = 60. What is the tens digit of r?
2
Let u(q) = 2 + 7 - 2*q**2 + q - 5 + q**2. Let r be u(0). Suppose -4 = -r*w + 124. What is the tens digit of w?
3
Suppose -z = -4*l - 22, 4*z - 58*l + 53*l = 132. What is the units digit of z?
8
Let j be -4 + 1 + -7 + 13. Suppose j*p = -5*c + 193, -p + 5*c = -2*p + 51. What is the units digit of p?
1
Let w(f) = 17*f**2 - 5*f - 10. Let k be w(-6). Suppose -10*i = k - 1972. What is the hundreds digit of i?
1
Let v be 4 + (-2 - (-1 - 46)). Let z = v + -36. What is the units digit of z?
3
Let z be (4 + -9)*(-18)/(-10). Let x be z/6*102/(-9). Suppose -123 + x = -2*p. What is the tens digit of p?
5
Let k(q) = q + 108. Let v be k(0). Suppose -2*d + v = d. What is the tens digit of d?
3
Suppose -2*g = g, -8 = -4*a - g. Suppose -m + 13 = -a. What is the tens digit of (-154)/(-10) + (-6)/m?
1
Suppose 102 = -5*n + 11*n. Suppose -3*t + 62 = n. What is the tens digit of (5/1)/(3/t)?
2
Let a(c) = -28*c + 142. What is the tens digit of a(-32)?
3
Suppose 2*i = 4*y - 12 + 188, 0 = -5*i - 10. Let b be 54/y*(-10)/4. Suppose b + 57 = 3*p. What is the tens digit of p?
2
Let o(k) = -38*k**3 + 2*k**2 + 2. Let m be o(-2). Let f = m - 186. What is the tens digit of f?
2
Let b(l) = 48*l + 3. Let y(q) = 1008*q + 64. Let z(m) = -64*b(m) + 3*y(m). What is the units digit of z(-2)?
6
Let d be 82*((-189)/6)/(-7). Let x = d + -221. What is the units digit of x?
8
Let j = 248 + -33. Let a = 309 - j. What is the tens digit of a?
9
Let y be 6/(-12) - (-42)/(-4). Let w = y - -10. What is the units digit of (9/(18/(-52)))/w?
6
Suppose -105 = -6*a + 3051. What is the hundreds digit of (-8 + 11)*a/6?
2
Suppose -9 = -2*p - 19, 4*p - 17448 = -4*q. What is the thousands digit of q?
4
Suppose -4*x + 1 = -4*h + 13, 2*h - 5*x = 9. Suppose 0 = -2*f - 4*r + 2*r + 78, -f = h*r - 35. What is the units digit of f?
3
Let n = -4 + 7. Suppose 0 = -n*z + z - 72. What is the units digit of (23/3)/((-12)/z)?
3
Suppose -21*p + 130 + 8060 = 0. What is the hundreds digit of p?
3
Suppose -f = 2*d + 21, -4*f + 2*d = 49 - 5. Let c = f - -4. Let v(i) = -i**2 - 10*i - 5. What is the units digit of v(c)?
4
What is the hundreds digit of ((-722)/(-4))/(7/84*6)?
3
Let n be 32/4 + -2 + 2. Let v = -6 + n. Suppose -y + 90 = v*y. What is the units digit of y?
0
Let s(t) = -2*t**3 - t**2 + 3*t - 14. Let p be s(-6). Suppose -4*l = -3*a - p, -a - 3*a - 182 = -2*l. What is the units digit of l?
1
Suppose 0 = -2*w + 5*u + 1742, 0 = 3*w + 3*u - 535 - 2057. What is the hundreds digit of w?
8
Suppose 1 = d + g - 3*g, -5*g + 11 = 2*d. Let w be d/(-1) - (6 + -7). What is the tens digit of ((-10)/(-15) + w)*-33?
4
Let z be ((-2)/(-3))/(190/45 + -4). Suppose -6*u + z*u = -594. What is the tens digit of u?
9
Let i be 117/(-6) + 1/2. Let o = i - -32. Suppose o*a - 6*a = 182. What is the tens digit of a?
2
Suppose 9*s = 3*s + 618. Suppose -25 + s = b. What is the units digit of b?
8
Suppose 4*w + 6 = -2. Let v = -14 - w. Let m = v + 19. What is the units digit of m?
7
Let u = -265 - -1941. What is the units digit of u?
6
Let r(b) = b**2 - 9*b + 18. Let m be r(6). Suppose 4*w - 5*w + 51 = m. What is the tens digit of w?
5
Let m(r) = 7*r**2 + 7*r. What is the tens digit of m(-4)?
8
Suppose -5*j = -4*u - 37, 2*j - 31 = -3*j + 2*u. Suppose -2*i + j*c = -56, -3*i + 5*c - 3 = -92. Let r = i + -21. What is the tens digit of r?
1
Let v be (2 + 0 - 4) + 4. Suppose -5*m = -3*y + 211, 1 = v*m - m. Let z = 125 - y. What is the tens digit of z?
5
Let u(k) = 448*k - 26. What is the hundreds digit of u(5)?
2
Let u(k) = 269*k**2 + 4*k + 4. What is the tens digit of u(-1)?
6
Suppose -5*k + 2*m + 4 + 8 = 0, 0 = 5*k - 4*m - 14. Let w(n) be the second derivative of -n**5/20 + n**4/2 - n**3/2 - 193*n. What is the units digit of w(k)?
0
Let c(r) = r - 6. Let o be c(10). What is the units digit of (-318)/o*(-20)/30?
3
Suppose 7*g - 5*g = 460. What is the tens digit of g?
3
Let l be ((-1)/(-2))/((-14)/(-196)). Suppose 5*f + 104 = l*f. What is the units digit of f?
2
Suppose 5*w + 4*v - 2 = 5, 0 = -3*w + v + 11. Suppose -w*m + n = 2*m - 306, m - 56 = -5*n. What is the tens digit of m?
6
Suppose -4*a = -b - 0*a + 21, -5*a - 45 = -5*b. Suppose b*k - 138 = -2*j, 4*k + 178 = 2*j - k. What is the units digit of j?
9
Let w be (-1)/(-2) - (-29)/2. Suppose -13*j - 144 = -w*j. What is the units digit of j?
2
Let o = 11 +